at is the tens digit of r?
1
Suppose 59*l = 23*l + 11664. What is the hundreds digit of l?
3
Let l be (-18 - -17)*(-1 + 1). Suppose l = -7*i + 10*i - 282. Suppose -4*k - v = -102 + 29, -4*v = 5*k - i. What is the units digit of k?
8
Let g = 15 + -12. Let f(u) = 2*u + 6*u - 12 - g*u + u. What is the units digit of f(7)?
0
Let u(a) = -a + 87. Let f = 157 + -177. What is the tens digit of u(f)?
0
Let z(m) = -m**2 + m + 1. Let h(d) = 6*d**2 - 13*d - 18. Let l(b) = h(b) + 5*z(b). What is the tens digit of l(-7)?
9
Let x = 60 - 60. Suppose 7*w - 142 = -f + 4*w, -f - 4*w + 147 = x. What is the units digit of f?
7
What is the hundreds digit of 31212/120 - 6/60?
2
Let v(c) be the third derivative of -c**6/120 + 7*c**5/60 + 5*c**4/24 - 17*c**3/6 + 15*c**2. Let l be v(7). Let n = 21 - l. What is the units digit of n?
3
Suppose 61*l = 74*l - 37674. What is the units digit of l?
8
Let g be 38 + (5 - (-4 - -6)). Suppose 2*h + 15 = g. Let c = -12 + h. What is the units digit of c?
1
What is the hundreds digit of (-12)/(-66) + (-7855)/(-55)?
1
Let p(g) be the second derivative of 3*g**3/2 - 17*g**2/2 - 15*g. What is the units digit of p(9)?
4
Let h(l) = l**2 - 4*l. Suppose -15 = -4*g + 5. Let u be h(g). Suppose 5*x - 159 = -i + u*i, 2*x + 5*i - 57 = 0. What is the tens digit of x?
3
Let y(w) = w + 5985. Let l be (-6)/(-8) + (-9)/12. Let c be y(l). What is the units digit of c/117 + (-2)/13?
1
What is the hundreds digit of (3227*(-16)/(-168))/(1/3)?
9
Let z = 717 - 452. What is the tens digit of z?
6
Let a = -11 - -12. Suppose -n + 2 = -a. Suppose -100 = -n*r - 2*r. What is the tens digit of r?
2
Suppose 0 = -4*o - 4*r + 162 - 38, 3*o - 94 = -4*r. Suppose -m - 3*j = -18, -3*j + o = -m + 4*m. What is the tens digit of 34*(0 - (-3)/m)?
1
Let m(q) = q**2 + 2*q + 30. Let r be m(0). Suppose 9 = -r*o + 31*o. What is the units digit of o?
9
Suppose 0 = -2*v + 5*x + 2859, x + 548 - 3425 = -2*v. What is the thousands digit of v?
1
Let d = -792 + 1129. Let k = d - 139. What is the hundreds digit of k?
1
Suppose 18 + 6 = 4*i + t, 23 = i - 4*t. Suppose -3*p + 130 = i*p. What is the tens digit of p?
1
Let x(q) = -2*q**2 + 4*q. Let r be x(3). Let b = r - 5. What is the units digit of (-31)/b - (-4)/22?
3
Suppose 0 = 166*m - 159*m - 2688. What is the hundreds digit of m?
3
Let w(y) = 432*y - 35. What is the thousands digit of w(5)?
2
Let b = 532 - -333. What is the hundreds digit of b?
8
Let v = -10 + 15. Suppose -v*d = 7 - 107. What is the tens digit of d?
2
Let b(j) = j**2 - 3*j + 88. Let h(q) = 2*q + 32. Let l be h(-16). What is the units digit of b(l)?
8
What is the units digit of 4 - (3 + 208/3)*-3?
1
Suppose 6*u - 4*u = -s + 8, 4*s + 5*u - 17 = 0. What is the units digit of 1/(305/150 + s)?
0
Let x(u) = -50*u - 12. Let o be x(-5). Let l = -111 + o. What is the tens digit of l?
2
Suppose 2*x = -3*i - 12, -5*x = -8*x + 2*i + 8. Suppose 3*b - 5*s + 8 - 57 = x, -8 = -2*s. What is the units digit of b?
3
Let h be (-1)/(-4) - 275/(-4). Suppose 940 + 182 = 11*j. Suppose 3*f = d + j, d + h = 2*f - 0*d. What is the units digit of f?
3
What is the thousands digit of 4/(-10)*25 - -2215?
2
Let v = 41 - 39. Suppose 0*q - b = -q + 9, -3*q + 31 = -v*b. What is the units digit of q?
3
Let i be (9/9)/(1/3). Suppose 2*d + 180 = i*w, 5*w - 296 + 1 = 5*d. Suppose 4*v - 2*v - 4*m - w = 0, 0 = 5*v - 3*m - 155. What is the units digit of v?
1
Suppose 94*p + 2466 = 95*p + 2*u, 3*p - 5*u = 7409. What is the thousands digit of p?
2
Let z(a) = 5*a**2 + 4*a. Let t(s) = -14*s**2 - 12*s + 1. Let q(f) = 6*t(f) + 17*z(f). Let p be q(5). Let r = -4 + p. What is the units digit of r?
7
What is the units digit of -1 + (-2 - -3) + 195 + -1?
4
Suppose 98*j - 39*j = 219421. What is the units digit of j?
9
Suppose 2*d - d + 3 = -3*o, -5*d = -3*o - 3. Suppose 3*f - 26 = 2*v, -v + 6 = -5*f + 40. Let t = f + d. What is the units digit of t?
6
Suppose 0 = 22*d - 38657 + 9265. What is the units digit of d?
6
Suppose 0 = -3*l - 12, -h = 2*l - 46 - 382. What is the tens digit of h?
3
Suppose -3*u = -5*t - 344 - 125, -5*t = -5. Let l = 229 - u. What is the units digit of l?
1
Suppose -4*o = 30*g - 31*g - 7585, 2*g = -o + 1903. What is the hundreds digit of o?
8
Suppose 4*q = 3*s + 136 + 2093, -2*q = s - 1127. What is the tens digit of q?
6
Suppose -8 = -3*z - z + 4*b, 8 = -4*z - 4*b. Suppose -55 = -5*t + 30. Let x = t + z. What is the units digit of x?
7
Let o(u) = -u + 1. Let r(q) = -q**2 - 13*q + 3. Let h be r(-13). Suppose 4*y + k + 19 = 0, -y + 22 = -h*y + 2*k. What is the units digit of o(y)?
7
Suppose -2*s + 17 + 6 = 5*k, 0 = k + s - 7. Suppose k*x - 20 = -x. Suppose 4*w - 24 = 4*l, 24 = w - 0*w + x*l. What is the units digit of w?
9
Let q(w) = 298*w - 462. What is the hundreds digit of q(14)?
7
Suppose 5 = 2*u - 5*o, -17 + 2 = -2*u - 5*o. Let b be (-756)/15 - (-2)/u. What is the tens digit of b/(-3 + 5 + -3)?
5
Let j = 397 + 1855. What is the hundreds digit of j?
2
Let w = -83 - -88. Suppose 4*v + 432 = 4*z, -z + 237 = z + w*v. What is the tens digit of z?
1
Let q = 4175 - 2488. What is the units digit of q?
7
Let h = 872 + -440. Suppose -5*n = 5*o - 500, 0*o - 4*o + 4*n + h = 0. What is the tens digit of o?
0
Suppose -5*u + 6950 = -4*y - y, 0 = u + 4*y - 1370. What is the hundreds digit of u?
3
Suppose -5*c + 2*c = -30. Let q(u) = u**2 - 5*u + 11. Let p be q(c). Let h = -30 + p. What is the units digit of h?
1
What is the tens digit of ((-26)/(-5) - 6)/((-3)/375)?
0
Suppose -33*h - 2096 = -37*h. What is the units digit of h?
4
Let l be 3/2*(-8)/(-6). Suppose 0 = 2*z - 3*k - 504, l*z + 4*k - 504 = -k. What is the units digit of z?
2
Let z(r) = 10*r - 59. What is the units digit of z(26)?
1
Let p(v) = v**3 + 16*v**2 + 15*v + 10. Let s be p(-15). Let o(f) = f**2 + 22. What is the units digit of o(s)?
2
Suppose 15 = 4*q - q. Suppose q = 3*y + 14. Let x = y - -7. What is the units digit of x?
4
Suppose -c + x + 3474 = 0, x - 3559 = -2*c + 3401. What is the hundreds digit of c?
4
Let a be -1*(-2)/(-3)*(-1 + -2). What is the units digit of ((-2)/3)/(2912/(-1452) + a)?
1
Let v = -150 + 256. What is the units digit of v?
6
Suppose -4*n + 363 = 3*w, -6*n - 5*w = -2*n - 365. Let m = -55 + n. Let f = m - 21. What is the units digit of f?
4
Suppose -2432 - 2727 = -7*g. What is the tens digit of g?
3
Let p(l) = 11*l + 405. What is the units digit of p(0)?
5
Let n = -14 - -23. Suppose n*h = 6*h + 279. Let t = h - 62. What is the tens digit of t?
3
Suppose 5*s + 25 = 2*a, -s = -6*a + 2*a + 5. Suppose 3*u = -a*u. Let o = 21 + u. What is the tens digit of o?
2
Let j(i) = 2*i + 6 + 0 - 3. Let b be j(0). Suppose 3*q = n + 14, -b*n + 4 = 4*q - 6. What is the units digit of q?
4
Let a(w) = -23*w - 42. Let f be a(-14). Suppose -4*l + 5*k + f + 475 = 0, -5 = -k. What is the hundreds digit of l?
1
Suppose 8*h - 10116 = 14*h. What is the tens digit of (-1)/4 - h/24?
7
Let u be (50/(-3))/(4/(-42)). Let q = 283 + -405. Let p = u + q. What is the units digit of p?
3
Suppose 5*v + 4*o - 4 = 10, 0 = 5*v + 3*o - 13. Suppose -7 = -n - v. Suppose g = -3*l + 19, -23 = -n*g + 5*l + 12. What is the tens digit of g?
1
Suppose -4 - 14 = 2*j. Let u = j + 194. What is the tens digit of u?
8
Let u = 23 + -17. Let z be 6/(9/u - 0). Suppose 3 + 13 = z*j. What is the units digit of j?
4
Suppose 0 = -2*n + 4*i - 2, 3*n + 1 = -3*i - 2. Suppose -12*l + 36 = -6*l. What is the tens digit of ((-4)/l)/(n/57)?
3
Let w(b) = 8*b**2 - 1. Let r be w(-2). Let y = -3 + r. Let g = y - 18. What is the tens digit of g?
1
Let v(j) = -2*j**2 - 39*j + 2352. What is the hundreds digit of v(0)?
3
Suppose 193*o - 191*o - 1498 = -2*d, -2*o + 1510 = -2*d. What is the tens digit of o?
5
Let r = 1055 + 129. What is the hundreds digit of r?
1
Let j(a) = 650*a - 618. What is the hundreds digit of j(8)?
5
Let k(b) = b - 15. Let x be k(18). Suppose x*p + 164 = 4*f - 2*f, 2*p + 4*f = -88. Let s = p + 93. What is the units digit of s?
1
Suppose 0*w + o = -3*w - 10, 3*w + 4 = 5*o. Let j = 3 - w. Suppose -4 = -m + j. What is the tens digit of m?
1
Let m(n) = n**2 - 18*n + 10. Let i be m(18). Suppose 4*d - i = 2*p, -d - 20 = -6*p + p. What is the units digit of d?
5
Suppose -37*i + 31*i = -6282. What is the thousands digit of i?
1
Let d = 86 + -47. Let g be d/6 - (-1)/(-2). Let n =